{"id":96,"date":"2018-06-18T06:57:57","date_gmt":"2018-06-18T06:57:57","guid":{"rendered":"https:\/\/von-direkt-vor-der-tuer.de\/index.php\/about\/"},"modified":"2020-07-29T14:02:08","modified_gmt":"2020-07-29T14:02:08","slug":"dassindwir-vondirektvordertuer","status":"publish","type":"page","link":"https:\/\/www.von-direkt-vor-der-tuer.de\/index.php\/dassindwir-vondirektvordertuer\/","title":{"rendered":"Das sind wir"},"content":{"rendered":"\t\t<div data-elementor-type=\"wp-post\" data-elementor-id=\"96\" class=\"elementor elementor-96\">\n\t\t\t\t\t\t<section data-angle=\"57deg\" data-color=\"#A9CA2B,#99CEF1,#D296C2,#ED8700,#FEEA50\" class=\"has_eae_slider elementor-section elementor-top-section elementor-element elementor-element-ffb3e4b elementor-section-content-middle elementor-section-stretched elementor-section-height-min-height eae-animated-gradient-yes elementor-section-boxed elementor-section-height-default elementor-section-items-middle\" data-eae-slider=\"6921\" data-id=\"ffb3e4b\" data-element_type=\"section\" data-e-type=\"section\" data-settings=\"{&quot;background_background&quot;:&quot;slideshow&quot;,&quot;stretch_section&quot;:&quot;section-stretched&quot;,&quot;background_slideshow_gallery&quot;:[],&quot;background_slideshow_loop&quot;:&quot;yes&quot;,&quot;background_slideshow_slide_duration&quot;:5000,&quot;background_slideshow_slide_transition&quot;:&quot;fade&quot;,&quot;background_slideshow_transition_duration&quot;:500}\">\n\t\t\t\t\t\t\t<div class=\"elementor-background-overlay\"><\/div>\n\t\t\t\t\t\t\t<div class=\"elementor-container elementor-column-gap-default\">\n\t\t\t\t\t<div class=\"has_eae_slider elementor-column elementor-col-100 elementor-top-column elementor-element elementor-element-ac424bf\" data-eae-slider=\"76598\" data-id=\"ac424bf\" data-element_type=\"column\" data-e-type=\"column\" data-settings=\"{&quot;background_background&quot;:&quot;classic&quot;}\">\n\t\t\t<div class=\"elementor-widget-wrap elementor-element-populated\">\n\t\t\t\t\t\t<div class=\"elementor-element elementor-element-4674fed elementor-widget elementor-widget-image\" data-id=\"4674fed\" data-element_type=\"widget\" data-e-type=\"widget\" data-widget_type=\"image.default\">\n\t\t\t\t<div class=\"elementor-widget-container\">\n\t\t\t\t\t\t\t\t\t\t\t\t\t\t\t<img fetchpriority=\"high\" decoding=\"async\" width=\"768\" height=\"545\" src=\"https:\/\/www.von-direkt-vor-der-tuer.de\/wp-content\/uploads\/2020\/07\/dassindwir-768x545.png\" class=\"attachment-medium_large size-medium_large wp-image-2057\" alt=\"Das sind wir geschrieben mit einem bunten Farbverlauf\" srcset=\"https:\/\/www.von-direkt-vor-der-tuer.de\/wp-content\/uploads\/2020\/07\/dassindwir-768x545.png 768w, https:\/\/www.von-direkt-vor-der-tuer.de\/wp-content\/uploads\/2020\/07\/dassindwir-300x213.png 300w, https:\/\/www.von-direkt-vor-der-tuer.de\/wp-content\/uploads\/2020\/07\/dassindwir-1024x726.png 1024w, https:\/\/www.von-direkt-vor-der-tuer.de\/wp-content\/uploads\/2020\/07\/dassindwir-1536x1090.png 1536w, https:\/\/www.von-direkt-vor-der-tuer.de\/wp-content\/uploads\/2020\/07\/dassindwir-2048x1453.png 2048w\" sizes=\"(max-width: 768px) 100vw, 768px\" \/>\t\t\t\t\t\t\t\t\t\t\t\t\t\t\t<\/div>\n\t\t\t\t<\/div>\n\t\t\t\t\t<\/div>\n\t\t<\/div>\n\t\t\t\t\t<\/div>\n\t\t<\/section>\n\t\t\t\t<section class=\"has_eae_slider elementor-section elementor-top-section elementor-element elementor-element-37cbace elementor-section-boxed elementor-section-height-default elementor-section-height-default\" data-eae-slider=\"24486\" data-id=\"37cbace\" data-element_type=\"section\" data-e-type=\"section\">\n\t\t\t\t\t\t<div class=\"elementor-container elementor-column-gap-default\">\n\t\t\t\t\t<div class=\"has_eae_slider elementor-column elementor-col-100 elementor-top-column elementor-element elementor-element-f05bc77\" data-eae-slider=\"19566\" data-id=\"f05bc77\" data-element_type=\"column\" data-e-type=\"column\">\n\t\t\t<div class=\"elementor-widget-wrap elementor-element-populated\">\n\t\t\t\t\t\t<div class=\"elementor-element elementor-element-1e4a2ad elementor-widget elementor-widget-heading\" data-id=\"1e4a2ad\" data-element_type=\"widget\" data-e-type=\"widget\" data-widget_type=\"heading.default\">\n\t\t\t\t<div class=\"elementor-widget-container\">\n\t\t\t\t\t<h2 class=\"elementor-heading-title elementor-size-default\">Das sind wir...<\/h2>\t\t\t\t<\/div>\n\t\t\t\t<\/div>\n\t\t\t\t<div class=\"elementor-element elementor-element-a21af68 elementor-widget elementor-widget-spacer\" data-id=\"a21af68\" data-element_type=\"widget\" data-e-type=\"widget\" data-widget_type=\"spacer.default\">\n\t\t\t\t<div class=\"elementor-widget-container\">\n\t\t\t\t\t\t\t<div class=\"elementor-spacer\">\n\t\t\t<div class=\"elementor-spacer-inner\"><\/div>\n\t\t<\/div>\n\t\t\t\t\t\t<\/div>\n\t\t\t\t<\/div>\n\t\t\t\t\t<\/div>\n\t\t<\/div>\n\t\t\t\t\t<\/div>\n\t\t<\/section>\n\t\t\t\t<section class=\"has_eae_slider elementor-section elementor-top-section elementor-element elementor-element-62f8b62 elementor-section-boxed elementor-section-height-default elementor-section-height-default\" data-eae-slider=\"55211\" data-id=\"62f8b62\" data-element_type=\"section\" data-e-type=\"section\">\n\t\t\t\t\t\t<div class=\"elementor-container elementor-column-gap-default\">\n\t\t\t\t\t<div class=\"has_eae_slider elementor-column elementor-col-50 elementor-top-column elementor-element elementor-element-c2805ae\" data-eae-slider=\"18542\" data-id=\"c2805ae\" data-element_type=\"column\" data-e-type=\"column\">\n\t\t\t<div class=\"elementor-widget-wrap elementor-element-populated\">\n\t\t\t\t\t\t<div class=\"elementor-element elementor-element-969a1a6 elementor-widget elementor-widget-heading\" data-id=\"969a1a6\" data-element_type=\"widget\" data-e-type=\"widget\" data-widget_type=\"heading.default\">\n\t\t\t\t<div class=\"elementor-widget-container\">\n\t\t\t\t\t<h3 class=\"elementor-heading-title elementor-size-default\">Unser Antrieb<\/h3>\t\t\t\t<\/div>\n\t\t\t\t<\/div>\n\t\t\t\t<div class=\"elementor-element elementor-element-4dcca98 elementor-widget elementor-widget-text-editor\" data-id=\"4dcca98\" data-element_type=\"widget\" data-e-type=\"widget\" data-widget_type=\"text-editor.default\">\n\t\t\t\t<div class=\"elementor-widget-container\">\n\t\t\t\t\t\t\t\t\t<p>Jeder von uns kennt sie und jeder hat sie selber auch schon einmal erlebt: Diese gro\u00dfen kleinen Momente, in denen man sp\u00fcrt, dass gerade etwas ganz Tolles geschieht. Das Auftanken in der Halbzeit vor dem Derbysieg, der erste Schluck nach dem Zieleinlauf, Kr\u00e4fte sammeln in der Shopping-Pause, die Vorfreude auf den Abend mit Freunden beim Anblick des gedeckten Tisches oder das Glas Wasser am Arbeitsplatz f\u00fcr klare Gedanken. \u00dcber 300.000 dieser gro\u00dfen kleinen Momente werden jeden Tag mit Salvus Mineralwasser erlebt \u2013 und \u00bbJa\u00ab, es ist ein fantastisches Gef\u00fchl, dass wir in diesen Momenten dabei sein d\u00fcrfen! Das ist unser Antrieb und genau das meinen wir, wenn wir davon sprechen, eines der lebendigsten Produkte f\u00fcr unsere Kunden herzustellen.<\/p><p><strong>Regional, aktiv und voller Lebensfreude: Genie\u00dfe dein Leben.<\/strong><\/p>\t\t\t\t\t\t\t\t<\/div>\n\t\t\t\t<\/div>\n\t\t\t\t\t<\/div>\n\t\t<\/div>\n\t\t\t\t<div class=\"has_eae_slider elementor-column elementor-col-50 elementor-top-column elementor-element elementor-element-1c13dad\" data-eae-slider=\"44177\" data-id=\"1c13dad\" data-element_type=\"column\" data-e-type=\"column\">\n\t\t\t<div class=\"elementor-widget-wrap elementor-element-populated\">\n\t\t\t\t\t\t<div class=\"elementor-element elementor-element-f7778ed elementor-widget elementor-widget-heading\" data-id=\"f7778ed\" data-element_type=\"widget\" data-e-type=\"widget\" data-widget_type=\"heading.default\">\n\t\t\t\t<div class=\"elementor-widget-container\">\n\t\t\t\t\t<h3 class=\"elementor-heading-title elementor-size-default\">Unser Salvus-Team<\/h3>\t\t\t\t<\/div>\n\t\t\t\t<\/div>\n\t\t\t\t<div class=\"elementor-element elementor-element-4c8140e elementor-widget elementor-widget-text-editor\" data-id=\"4c8140e\" data-element_type=\"widget\" data-e-type=\"widget\" data-widget_type=\"text-editor.default\">\n\t\t\t\t<div class=\"elementor-widget-container\">\n\t\t\t\t\t\t\t\t\t<p>Unser Salvus-Team besteht aus 87 engagierten Mitarbeitern, die sich t\u00e4glich um einen reibungslosen Ablauf k\u00fcmmern.<\/p>\t\t\t\t\t\t\t\t<\/div>\n\t\t\t\t<\/div>\n\t\t\t\t\t<\/div>\n\t\t<\/div>\n\t\t\t\t\t<\/div>\n\t\t<\/section>\n\t\t\t\t<section class=\"has_eae_slider elementor-section elementor-top-section elementor-element elementor-element-0107795 elementor-section-stretched elementor-section-full_width elementor-section-height-default elementor-section-height-default\" data-eae-slider=\"69860\" data-id=\"0107795\" data-element_type=\"section\" data-e-type=\"section\" data-settings=\"{&quot;stretch_section&quot;:&quot;section-stretched&quot;}\">\n\t\t\t\t\t\t<div class=\"elementor-container elementor-column-gap-default\">\n\t\t\t\t\t<div class=\"has_eae_slider elementor-column elementor-col-100 elementor-top-column elementor-element elementor-element-7ce1ef8\" data-eae-slider=\"59032\" data-id=\"7ce1ef8\" data-element_type=\"column\" data-e-type=\"column\">\n\t\t\t<div class=\"elementor-widget-wrap elementor-element-populated\">\n\t\t\t\t\t\t<div class=\"elementor-element elementor-element-44f71e7 elementor-widget elementor-widget-image\" data-id=\"44f71e7\" data-element_type=\"widget\" data-e-type=\"widget\" data-widget_type=\"image.default\">\n\t\t\t\t<div class=\"elementor-widget-container\">\n\t\t\t\t\t\t\t\t\t\t\t\t\t\t\t<img decoding=\"async\" src=\"https:\/\/von-direkt-vor-der-tuer.de\/wp-content\/uploads\/2019\/06\/graphic05-free-img.png\" title=\"\" alt=\"\" loading=\"lazy\" \/>\t\t\t\t\t\t\t\t\t\t\t\t\t\t\t<\/div>\n\t\t\t\t<\/div>\n\t\t\t\t\t<\/div>\n\t\t<\/div>\n\t\t\t\t\t<\/div>\n\t\t<\/section>\n\t\t\t\t<section class=\"has_eae_slider elementor-section elementor-top-section elementor-element elementor-element-10baf95 elementor-section-boxed elementor-section-height-default elementor-section-height-default\" data-eae-slider=\"30958\" data-id=\"10baf95\" data-element_type=\"section\" data-e-type=\"section\">\n\t\t\t\t\t\t<div class=\"elementor-container elementor-column-gap-default\">\n\t\t\t\t\t<div class=\"has_eae_slider elementor-column elementor-col-50 elementor-top-column elementor-element elementor-element-75424cd\" data-eae-slider=\"10240\" data-id=\"75424cd\" data-element_type=\"column\" data-e-type=\"column\">\n\t\t\t<div class=\"elementor-widget-wrap elementor-element-populated\">\n\t\t\t\t\t\t<div class=\"elementor-element elementor-element-a7acf00 elementor-widget elementor-widget-heading\" data-id=\"a7acf00\" data-element_type=\"widget\" data-e-type=\"widget\" data-widget_type=\"heading.default\">\n\t\t\t\t<div class=\"elementor-widget-container\">\n\t\t\t\t\t<h3 class=\"elementor-heading-title elementor-size-default\">Unser Standort <\/h3>\t\t\t\t<\/div>\n\t\t\t\t<\/div>\n\t\t\t\t<div class=\"elementor-element elementor-element-d4f8c02 elementor-widget elementor-widget-text-editor\" data-id=\"d4f8c02\" data-element_type=\"widget\" data-e-type=\"widget\" data-widget_type=\"text-editor.default\">\n\t\t\t\t<div class=\"elementor-widget-container\">\n\t\t\t\t\t\t\t\t\t<p>Mitten im M\u00fcnsterland verwurzelt \u2013 Emsdetten.<br \/>Im letzten Jahr wurden mehr als 157 Mio. Flaschen Glas- und PET-Flaschen abgef\u00fcllt. Hier \u00fcberwiegt der Glasanteil mit rund 60 % gegen\u00fcber PET, mit knapp 40 %. Durchschnittlich f\u00fcllen wir mit unseren Glasabf\u00fcllanlagen 46.000 Flaschen pro Stunde. Die beiden PET-Abf\u00fcllanlagen kommen auf 48.000 Flaschen in der Stunde, so dass wir auf eine Gesamtabf\u00fcllleistung von 94.000 Flaschen pro Stunde kommen. Am Standort steht uns ein 100.000 qm gro\u00dfes Betriebsgel\u00e4nde zur Verf\u00fcgung zu dem seit 2018 ein vollautomatisches Hochregallager geh\u00f6rt. <\/p>\t\t\t\t\t\t\t\t<\/div>\n\t\t\t\t<\/div>\n\t\t\t\t\t<\/div>\n\t\t<\/div>\n\t\t\t\t<div class=\"has_eae_slider elementor-column elementor-col-50 elementor-top-column elementor-element elementor-element-2f9af0d\" data-eae-slider=\"27935\" data-id=\"2f9af0d\" data-element_type=\"column\" data-e-type=\"column\">\n\t\t\t<div class=\"elementor-widget-wrap elementor-element-populated\">\n\t\t\t\t\t\t<div class=\"elementor-element elementor-element-695c992 elementor-widget elementor-widget-heading\" data-id=\"695c992\" data-element_type=\"widget\" data-e-type=\"widget\" data-widget_type=\"heading.default\">\n\t\t\t\t<div class=\"elementor-widget-container\">\n\t\t\t\t\t<h3 class=\"elementor-heading-title elementor-size-default\">Unsere Kunden<\/h3>\t\t\t\t<\/div>\n\t\t\t\t<\/div>\n\t\t\t\t<div class=\"elementor-element elementor-element-bf5bde3 elementor-widget elementor-widget-text-editor\" data-id=\"bf5bde3\" data-element_type=\"widget\" data-e-type=\"widget\" data-widget_type=\"text-editor.default\">\n\t\t\t\t<div class=\"elementor-widget-container\">\n\t\t\t\t\t\t\t\t\t<p>Als der Mineralbrunnen \u201evon direkt vor der T\u00fcr\u201c beliefern wir, mit einer fast 100%igen Abdeckung, haupts\u00e4chlich Kunden im M\u00fcnsterland. Dar\u00fcber hinaus haben auch Kunden aus weiten Teilen Norddeutschlands, dem Ruhrgebiet und den Niederlanden Geschmack an unseren Produkten gefunden.<\/p>\t\t\t\t\t\t\t\t<\/div>\n\t\t\t\t<\/div>\n\t\t\t\t\t<\/div>\n\t\t<\/div>\n\t\t\t\t\t<\/div>\n\t\t<\/section>\n\t\t\t\t<section class=\"has_eae_slider elementor-section elementor-top-section elementor-element elementor-element-0f148d8 elementor-section-boxed elementor-section-height-default elementor-section-height-default\" data-eae-slider=\"89939\" data-id=\"0f148d8\" data-element_type=\"section\" data-e-type=\"section\">\n\t\t\t\t\t\t<div class=\"elementor-container elementor-column-gap-default\">\n\t\t\t\t\t<div class=\"has_eae_slider elementor-column elementor-col-100 elementor-top-column elementor-element elementor-element-699cb6d\" data-eae-slider=\"3373\" data-id=\"699cb6d\" data-element_type=\"column\" data-e-type=\"column\">\n\t\t\t<div class=\"elementor-widget-wrap elementor-element-populated\">\n\t\t\t\t\t\t<div class=\"elementor-element elementor-element-a1cca13 elementor-widget elementor-widget-heading\" data-id=\"a1cca13\" data-element_type=\"widget\" data-e-type=\"widget\" data-widget_type=\"heading.default\">\n\t\t\t\t<div class=\"elementor-widget-container\">\n\t\t\t\t\t<h3 class=\"elementor-heading-title elementor-size-default\">Unser Engagement<\/h3>\t\t\t\t<\/div>\n\t\t\t\t<\/div>\n\t\t\t\t<div class=\"elementor-element elementor-element-c6dabde elementor-widget elementor-widget-text-editor\" data-id=\"c6dabde\" data-element_type=\"widget\" data-e-type=\"widget\" data-widget_type=\"text-editor.default\">\n\t\t\t\t<div class=\"elementor-widget-container\">\n\t\t\t\t\t\t\t\t\t<p>\u201eVon direkt vor der T\u00fcr\u201c \u2013 das sind wir und da wollen wir sein.<\/p><p>Das Prinzip der Nachhaltigkeit, die Vermeidung von Energieverschwendung und die F\u00f6rderung der Region geh\u00f6ren mit zu unseren wichtigsten Unternehmenszielen. Dies zeigt sich zum Beispiel in der Zusammenarbeit mit dem Netzwerk M\u00fcnsterland Qualit\u00e4t e. V., welches sich als Markenzeichen f\u00fcr hervorragende, regionale Lebensmittel l\u00e4ngst etabliert hat. Oder in der Teilnahme am Tag der offenen Wirtschaft in Emsdetten, der zuletzt im Jahr 2018 stattfand. Hier bekamen Besucher und vor allem interessierte Nachwuchskr\u00e4fte die M\u00f6glichkeit, einen Tag lang hinter die Kulissen unseres Mineralbrunnens zu schauen. <br \/>Neben dem Sponsoring von regionalen Sportvereinen, Sportveranstaltungen und mehr, ist es uns besonders wichtig auch soziale Projekte vor Ort zu unterst\u00fctzen. Deswegen sind wir bei den verschiedensten gesellschaftlichen Veranstaltungen dabei und unterst\u00fctzen diverse Projekte.<\/p>\t\t\t\t\t\t\t\t<\/div>\n\t\t\t\t<\/div>\n\t\t\t\t\t<\/div>\n\t\t<\/div>\n\t\t\t\t\t<\/div>\n\t\t<\/section>\n\t\t\t\t<\/div>\n\t\t","protected":false},"excerpt":{"rendered":"<p>Das sind wir&#8230; Unser Antrieb Jeder von uns kennt sie und jeder hat sie selber auch schon einmal erlebt: Diese gro\u00dfen kleinen Momente, in denen man sp\u00fcrt, dass gerade etwas ganz Tolles geschieht. Das Auftanken in der Halbzeit vor dem Derbysieg, der erste Schluck nach dem Zieleinlauf, Kr\u00e4fte sammeln in der Shopping-Pause, die Vorfreude auf [&hellip;]<\/p>\n","protected":false},"author":9,"featured_media":0,"parent":0,"menu_order":0,"comment_status":"closed","ping_status":"closed","template":"elementor_header_footer","meta":{"site-sidebar-layout":"no-sidebar","site-content-layout":"page-builder","ast-site-content-layout":"default","site-content-style":"default","site-sidebar-style":"default","ast-global-header-display":"","ast-banner-title-visibility":"","ast-main-header-display":"","ast-hfb-above-header-display":"","ast-hfb-below-header-display":"","ast-hfb-mobile-header-display":"","site-post-title":"disabled","ast-breadcrumbs-content":"","ast-featured-img":"disabled","footer-sml-layout":"","ast-disable-related-posts":"","theme-transparent-header-meta":"enabled","adv-header-id-meta":"","stick-header-meta":"","header-above-stick-meta":"","header-main-stick-meta":"","header-below-stick-meta":"","astra-migrate-meta-layouts":"default","ast-page-background-enabled":"default","ast-page-background-meta":{"desktop":{"background-color":"","background-image":"","background-repeat":"repeat","background-position":"center center","background-size":"auto","background-attachment":"scroll","background-type":"","background-media":"","overlay-type":"","overlay-color":"","overlay-opacity":"","overlay-gradient":""},"tablet":{"background-color":"","background-image":"","background-repeat":"repeat","background-position":"center center","background-size":"auto","background-attachment":"scroll","background-type":"","background-media":"","overlay-type":"","overlay-color":"","overlay-opacity":"","overlay-gradient":""},"mobile":{"background-color":"","background-image":"","background-repeat":"repeat","background-position":"center center","background-size":"auto","background-attachment":"scroll","background-type":"","background-media":"","overlay-type":"","overlay-color":"","overlay-opacity":"","overlay-gradient":""}},"ast-content-background-meta":{"desktop":{"background-color":"var(--ast-global-color-5)","background-image":"","background-repeat":"repeat","background-position":"center center","background-size":"auto","background-attachment":"scroll","background-type":"","background-media":"","overlay-type":"","overlay-color":"","overlay-opacity":"","overlay-gradient":""},"tablet":{"background-color":"var(--ast-global-color-5)","background-image":"","background-repeat":"repeat","background-position":"center center","background-size":"auto","background-attachment":"scroll","background-type":"","background-media":"","overlay-type":"","overlay-color":"","overlay-opacity":"","overlay-gradient":""},"mobile":{"background-color":"var(--ast-global-color-5)","background-image":"","background-repeat":"repeat","background-position":"center center","background-size":"auto","background-attachment":"scroll","background-type":"","background-media":"","overlay-type":"","overlay-color":"","overlay-opacity":"","overlay-gradient":""}},"footnotes":""},"class_list":["post-96","page","type-page","status-publish","hentry"],"_links":{"self":[{"href":"https:\/\/www.von-direkt-vor-der-tuer.de\/index.php\/wp-json\/wp\/v2\/pages\/96","targetHints":{"allow":["GET"]}}],"collection":[{"href":"https:\/\/www.von-direkt-vor-der-tuer.de\/index.php\/wp-json\/wp\/v2\/pages"}],"about":[{"href":"https:\/\/www.von-direkt-vor-der-tuer.de\/index.php\/wp-json\/wp\/v2\/types\/page"}],"author":[{"embeddable":true,"href":"https:\/\/www.von-direkt-vor-der-tuer.de\/index.php\/wp-json\/wp\/v2\/users\/9"}],"replies":[{"embeddable":true,"href":"https:\/\/www.von-direkt-vor-der-tuer.de\/index.php\/wp-json\/wp\/v2\/comments?post=96"}],"version-history":[{"count":12,"href":"https:\/\/www.von-direkt-vor-der-tuer.de\/index.php\/wp-json\/wp\/v2\/pages\/96\/revisions"}],"predecessor-version":[{"id":2496,"href":"https:\/\/www.von-direkt-vor-der-tuer.de\/index.php\/wp-json\/wp\/v2\/pages\/96\/revisions\/2496"}],"wp:attachment":[{"href":"https:\/\/www.von-direkt-vor-der-tuer.de\/index.php\/wp-json\/wp\/v2\/media?parent=96"}],"curies":[{"name":"wp","href":"https:\/\/api.w.org\/{rel}","templated":true}]}}